 millions digit of 297720630?
2
What is the units digit of 2563172694?
4
What is the ten thousands digit of 149976654?
7
What is the hundred millions digit of 3703911006?
7
What is the millions digit of 20752465?
0
What is the ten millions digit of 41266327?
4
What is the ten millions digit of 555023670?
5
What is the millions digit of 1609351618?
9
What is the tens digit of 75372623?
2
What is the units digit of 149215725?
5
What is the hundred thousands digit of 993835?
9
What is the tens digit of 5592625528?
2
What is the ten millions digit of 580295966?
8
What is the hundreds digit of 50882924?
9
What is the millions digit of 154530901?
4
What is the ten millions digit of 89057027?
8
What is the hundred thousands digit of 5645634294?
6
What is the units digit of 101644974?
4
What is the tens digit of 541751871?
7
What is the hundreds digit of 3938599754?
7
What is the hundreds digit of 2473841911?
9
What is the tens digit of 5531135992?
9
What is the tens digit of 71275143?
4
What is the millions digit of 346431226?
6
What is the tens digit of 2688350646?
4
What is the hundreds digit of 180703965?
9
What is the hundred millions digit of 3663852283?
6
What is the ten millions digit of 946014426?
4
What is the ten thousands digit of 3061483317?
8
What is the hundred thousands digit of 34729451?
7
What is the hundreds digit of 5943547343?
3
What is the ten thousands digit of 77700435?
0
What is the ten thousands digit of 4702619687?
1
What is the units digit of 355955433?
3
What is the ten thousands digit of 24574616?
7
What is the ten millions digit of 58123437?
5
What is the tens digit of 845189916?
1
What is the hundred thousands digit of 68022509?
0
What is the hundreds digit of 918659653?
6
What is the ten thousands digit of 4216393984?
9
What is the tens digit of 1119486628?
2
What is the tens digit of 1926984394?
9
What is the tens digit of 116824489?
8
What is the thousands digit of 42754756?
4
What is the ten millions digit of 142136421?
4
What is the hundreds digit of 2749590764?
7
What is the ten millions digit of 244301618?
4
What is the ten millions digit of 6136762126?
3
What is the thousands digit of 2722383?
2
What is the ten millions digit of 68042835?
6
What is the tens digit of 18424401?
0
What is the ten millions digit of 145425593?
4
What is the thousands digit of 1113706996?
6
What is the millions digit of 36226363?
6
What is the hundred thousands digit of 92750623?
7
What is the tens digit of 46399807?
0
What is the tens digit of 66094937?
3
What is the tens digit of 27953440?
4
What is the ten millions digit of 253090200?
5
What is the ten thousands digit of 128040147?
4
What is the millions digit of 420418498?
0
What is the hundreds digit of 46983542?
5
What is the hundreds digit of 29376760?
7
What is the ten thousands digit of 67646753?
4
What is the thousands digit of 1792863233?
3
What is the ten millions digit of 1974097822?
7
What is the hundred millions digit of 2015346331?
0
What is the thousands digit of 1624389152?
9
What is the ten millions digit of 95514316?
9
What is the thousands digit of 183160222?
0
What is the thousands digit of 9755556?
5
What is the ten thousands digit of 141273946?
7
What is the tens digit of 3354964907?
0
What is the ten thousands digit of 251527000?
2
What is the tens digit of 18733812?
1
What is the thousands digit of 70511481?
1
What is the ten thousands digit of 282332762?
3
What is the hundreds digit of 838160197?
1
What is the units digit of 81574014?
4
What is the ten thousands digit of 701955761?
5
What is the hundred thousands digit of 1552980554?
9
What is the millions digit of 529845956?
9
What is the hundreds digit of 88570582?
5
What is the tens digit of 13114240?
4
What is the ten thousands digit of 55292951?
9
What is the hundred thousands digit of 1219707?
2
What is the tens digit of 370395992?
9
What is the units digit of 908781?
1
What is the thousands digit of 655690067?
0
What is the millions digit of 71340072?
1
What is the hundred thousands digit of 77204517?
2
What is the ten millions digit of 99326864?
9
What is the ten thousands digit of 627020002?
2
What is the millions digit of 9188165809?
8
What is the hundred thousands digit of 196578726?
5
What is the tens digit of 830198929?
2
What is the hundreds digit of 97714948?
9
What is the hundreds digit of 59324887?
8
What is the units digit of 1061641029?
9
What is the thousands digit of 1025960208?
0
What is the units digit of 1077847744?
4
What is the thousands digit of 230690864?
0
What is the ten thousands digit of 80088944?
8
What is the millions digit of 5540015328?
0
What is the ten thousands digit of 215826385?
2
What is the thousands digit of 104576410?
6
What is the ten thousands digit of 350100610?
0
What is the billions digit of 4515123719?
4
What is the units digit of 64591298?
8
What is the millions digit of 108827750?
8
What is the hundred millions digit of 1255248263?
2
What is the millions digit of 6405775949?
5
What is the ten thousands digit of 132279175?
7
What is the ten thousands digit of 281819853?
1
What is the hundreds digit of 2105625928?
9
What is the hundreds digit of 61594133?
1
What is the ten thousands digit of 134273082?
7
What is the thousands digit of 792057006?
7
What is the ten millions digit of 1206698810?
0
What is the ten millions digit of 1085170799?
8
What is the hundred thousands digit of 1856444365?
4
What is the tens digit of 114442018?
1
What is the hundred thousands digit of 64712792?
7
What is the units digit of 49328328?
8
What is the units digit of 282674644?
4
What is the units digit of 4311696449?
9
What is the units digit of 4829196399?
9
What is the thousands digit of 123547267?
7
What is the millions digit of 279552937?
9
What is the ten thousands digit of 1919555?
1
What is the thousands digit of 802062?
2
What is the thousands digit of 1246149044?
9
What is the millions digit of 81512941?
1
What is the ten millions digit of 2775645184?
7
What is the hundred millions digit of 119469358?
1
What is the tens digit of 1848184853?
5
What is the tens digit of 34350324?
2
What is the tens digit of 304692031?
3
What is the ten millions digit of 41221214?
4
What is the hundred thousands digit of 307209252?
2
What is the millions digit of 622499453?
2
What is the hundred millions digit of 940328244?
9
What is the thousands digit of 218337594?
7
What is the units digit of 130042884?
4
What is the thousands digit of 13425659?
5
What is the ten millions digit of 57043594?
5
What is the units digit of 355965408?
8
What is the hundred thousands digit of 2703406394?
4
What is the ten thousands digit of 18578470?
7
What is the ten thousands digit of 37252381?
5
What is the thousands digit of 601002723?
2
What is the millions digit of 51454065?
1
What is the ten thousands digit of 2394228858?
2
What is the hundred millions digit of 658985198?
6
What is the ten millions digit of 201395012?
0
What is the hundred thousands digit of 88341318?
3
What is the hundreds digit of 41696719?
7
What is the hundred thousands digit of 1252205766?
2
What is the hundreds digit of 129063580?
5
What is the hundred thousands digit of 7632596?
6
What is the hundred thousands digit of 804047034?
0
What is the hundreds digit of 1956630113?
1
What is the tens digit of 51371717?
1
What is the thousands digit of 409088111?
8
What is the thousands digit of 6475086678?
6
What is the ten thousands digit of 133822296?
2
What is the ten thousands digit of 215361291?
6
What is the billions digit of 1056427996?
1
What is the hundred millions digit of 635723715?
6
What is the thousands digit of 831336606?
6
What is the ten thousands digit of 182327216?
2
What is the thousands digit of 8287423?
7
What is the hundreds digit of 17406620?
6
What is the hundred thousands digit of 27782042?
7
What is the tens digit of 24161431?
3
What is the tens digit of 881033114?
1
What is the units digit of 889081351?
1
What is the units digit of 94251717?
7
What is the ten thousands digit of 303391334?
9
What is the tens digit of 313434575?
7
What is the ten millions digit of 107055040?
0
What is the tens digit of 397993392?
9
What is the ten millions digit of 79752885?
7
What is the ten thousands digit of 101379094?
